n 1404 is divided by z?
124
Let h be (-1)/(-6) + (-953)/(-6). Let k = 246 - h. Let p = -10 - -32. Calculate the remainder when k is divided by p.
21
What is the remainder when 2 + (2 - 2) - -36 is divided by -2 - (-12)/((-54)/12 + 5)?
16
Let s(i) = -i. Let a(x) = 7*x + 9. Let h(p) = -a(p) - 5*s(p). Calculate the remainder when 25 is divided by h(-9).
7
Let h(p) = 4*p**2 - 5*p + 24. What is the remainder when 233 is divided by h(0)?
17
Let i be ((-9)/2 + 2 + 2)*-110. Suppose 0 = p + 4*m - 40, -p + 2*p + m = i. What is the remainder when p is divided by 31?
29
Suppose 0 = 3*r - 95 + 5. What is the remainder when 417 is divided by r?
27
Suppose -q - 3*o + 37 = 0, 26*o + 37 = q + 21*o. Suppose 2*y = -y + 3. Suppose -2*z - k + 10 = -15, -y = k. What is the remainder when q is divided by z?
11
Suppose -5*w - 247 = 443. What is the remainder when (-6)/4 + 1 - w/4 is divided by 9?
7
Suppose 2*s + 61 = -169. Let n be (-1)/(-3) + s/(-15). Suppose -3*m + n*m + 2*v - 127 = 0, 0 = m - 2*v - 23. Calculate the remainder when 99 is divided by m.
24
Let g be 0 + -2*500/8. Let v = 158 + g. Calculate the remainder when 65 is divided by v.
32
Suppose 3*u + 63 = 4*a + 6*u, -2*a = -4*u - 4. Calculate the remainder when 20 is divided by a.
8
Suppose -60*l + 2565 + 15 = 0. Calculate the remainder when l is divided by 43.
0
Suppose 25*k - 126 = 22*k. Calculate the remainder when k is divided by 39.
3
Let r(m) = 77*m - 31. What is the remainder when r(4) is divided by 56?
53
Let t(a) = -2 - 2*a - 10*a**3 + 0*a + 2*a**2 + 0*a - 2*a**3. Calculate the remainder when t(-1) is divided by 2.
0
Suppose -3*z + 40 = -z. Let a(q) = -q**2 - 17*q - 60. Calculate the remainder when z is divided by a(-6).
2
Let p = 287 - 230. What is the remainder when 111 is divided by p?
54
Let g(u) = 40*u**2 - 29*u - 168. Calculate the remainder when g(-5) is divided by 28.
25
Suppose 34 = j + 13. Let u(i) = 33*i**2 - 12*i - 13. Calculate the remainder when u(-2) is divided by j.
17
Let s be (0 + (-15)/(-25))/(2/10). Suppose s*r = -k + 23, 0 = 5*k - 2*r + 3*r - 59. Calculate the remainder when (2/5)/(2/90) is divided by k.
7
Let x(p) = 52*p**2 - 6*p - 16. Calculate the remainder when x(-3) is divided by 79.
75
Let v = -165 - -203. Calculate the remainder when v is divided by 13.
12
Suppose -79*v + 399 = -1576. Suppose 2*x - 4*x + 26 = 0. Let r = x - 6. What is the remainder when v is divided by r?
4
Suppose -25 = -2*a + 11*s - 12*s, 3*s = -5*a + 60. Suppose 2*t = 40 + 18. What is the remainder when t is divided by a?
14
Let y(u) = -4*u**2 + u - 3. Let r(b) = -4*b**2 + b - 3. Let f(p) = -5*r(p) + 4*y(p). Calculate the remainder when f(4) is divided by 13.
11
Suppose 0 = -3*s + w + 77, 4*s - 96 = 3*w - 0*w. Let c = s + -44. Let i = c - -42. What is the remainder when i is divided by 7?
4
Let b(a) = a**3 + 2*a - 1. Let s be b(2). Suppose -2*u - s + 83 = 0. Calculate the remainder when u is divided by 19.
17
What is the remainder when 64 is divided by (27 - 26) + (13 - -2)?
0
Let r = -26 - 9. Let y be (-84)/r + (-3)/(-5). Suppose -2*i - 2*j + 4 = 0, 4*i = -0*j + y*j + 36. What is the remainder when 22 is divided by i?
4
Suppose i = -z + 257, i + 3*i - 4*z - 996 = 0. What is the remainder when i is divided by 52?
45
What is the remainder when (((-854)/(-21))/2)/(3/27) is divided by 11?
7
Suppose -7*i + 431 + 1067 = 0. Calculate the remainder when i is divided by 36.
34
Calculate the remainder when 36 is divided by (-42*(-24)/(-36))/(-2).
8
Suppose -3*q + 2*g + 14 = 0, 2*g + 2 + 6 = 0. Suppose 4*v - x = q*x + 489, x = 3*v - 373. Calculate the remainder when v is divided by 32.
30
Let m = -12 - -9. Let r be 34 + (-5 - -2)/m. Suppose -8 - r = -5*y - l, 4*y - 41 = -3*l. Calculate the remainder when y is divided by 3.
2
Let g(j) = 25*j - 6. Suppose 5*v + 96 = -4*y, 2*y = 2*v - y + 43. Calculate the remainder when g(2) is divided by (-90)/v*(-20)/(-6).
14
Let f(r) = r**2 - 6*r + 10. Suppose 3*b + 54 = -3*o, 3*o = 3*b + 8*o + 62. Let k be (-88)/b + (-8)/28. Calculate the remainder when 29 is divided by f(k).
9
Let o be (2 - 3)*-43 + 1. Let l = o + -40. Suppose -l*u + 172 = -0*u. What is the remainder when u is divided by 12?
7
Let v be (-170)/(-60) - 1/(-6). Suppose 2*b = 5*b - v*d - 159, 53 = b + d. Calculate the remainder when b is divided by 8.
5
Let b(k) = -k**3 - 4*k**2 + 44*k + 255. Calculate the remainder when 279 is divided by b(-7).
91
Suppose y + 3 = 13. Let b(z) = 6*z - 51. What is the remainder when b(y) is divided by 8?
1
Let g be 9/18 - 114/(-4). Suppose 0 = p - g - 10. Suppose 3*d - 3*j = p, 2*j + 0*j = d - 11. What is the remainder when 57 is divided by d?
12
Suppose 10*x - 450 = 4*x. What is the remainder when 972 is divided by x?
72
Let p(z) = 5*z + 1. What is the remainder when p(2) is divided by 6?
5
Suppose -4*q + 9 + 17 = n, 0 = -4*n + 3*q + 180. What is the remainder when n/(-15)*(0 + -10) is divided by 8?
4
Suppose -5*b + 34 = -111. Suppose 3*v = -12, 4*s - 6*v - 228 = -v. Let w = -42 + s. Calculate the remainder when b is divided by w.
9
Let i(r) = 326*r**3 + r**2 - 2*r + 1. What is the remainder when i(1) is divided by 66?
62
Let z = -20 + 16. Let h = -1 - z. Suppose h*l - 8 = -l. What is the remainder when 6 is divided by l?
0
Suppose 0 = y + 3*o + 1, 2 = -2*y - 0*y - o. What is the remainder when (104/40 + -3)*5 - -26 is divided by (-12 - (0 - -1))*y?
11
Let g(q) = 5*q**2 - 4. Let w be g(3). Let n = w + -16. Calculate the remainder when n is divided by 14.
11
Suppose 6*m - 5*m = 3. Suppose -m*l = -34 - 2. Calculate the remainder when 59 is divided by l.
11
Calculate the remainder when 2 + -7 - (-4)/8*302 is divided by 38.
32
What is the remainder when 469 is divided by (4*5)/(90/45)?
9
Let c = 22 - 19. Suppose -16 = c*k - 70. Let o = 0 - -10. What is the remainder when k is divided by o?
8
Let f(n) = n + 3. Let j be f(8). Suppose -15*t = -j*t - 16. Suppose 3*l + 5*s = -0*s + 225, 198 = 3*l - t*s. What is the remainder when l is divided by 18?
16
Let o be 2/(-14) - (-258)/42. Suppose 4*r = -o - 50. Let j = 18 + r. Calculate the remainder when 10 is divided by j.
2
What is the remainder when (20/8)/5*(92 + 4) is divided by 1?
0
Suppose -2*x - k = -3*k + 206, -5*k = -3*x - 319. Let t = x - -151. What is the remainder when t is divided by 9?
8
Let s be 1/(87/21 + -4). Suppose -f + s = 2*w, 2*w - 4*f - 3 - 19 = 0. What is the remainder when w is divided by 4?
1
Suppose -4*x - x - 55 = 0. Let g = x - -14. Calculate the remainder when (-3 - -3) + g*7 is divided by 8.
5
Let a(j) = -19 + 12 + 4*j**2 + 11 - j - j**3. Let c be a(4). Suppose -4*h = 5*u - c*u - 105, 0 = u - 2*h - 7. What is the remainder when 64 is divided by u?
13
Let d(i) = -3*i + 36. What is the remainder when d(10) is divided by 0 + -2 + (10 - 6)?
0
Let x(u) = -2*u**2 - 3*u + 3. Let y be x(2). Let c be y/(-33) - (-14)/(-6). Calculate the remainder when (-7 - c)*-8 + 2 is divided by 9.
6
Let t(l) = l - 4. Let y be t(-2). Let m(x) = -x**2 - 8*x + 3. Suppose -2*w - 144 = -5*n, -2*w + w = 2. Calculate the remainder when n is divided by m(y).
13
Calculate the remainder when 377 is divided by 5278/261 - 10/45.
17
Suppose 4*l + 3 = 15. Suppose -l*p + 70 = 5*m, 0 = p - 2*m - 2*m + 5. What is the remainder when 74 is divided by p?
14
What is the remainder when 48 is divided by 10 + (-2 - -7 - (1 - 0))?
6
Let d be (18/(-3))/(-2*1). Suppose -5*p = -k + 45 - 15, d*p - 6 = 0. Calculate the remainder when k is divided by 11.
7
Let h = -124 + 211. Let y = h - 81. Suppose 5*j - v = 12 + 51, v - 15 = -j. What is the remainder when j is divided by y?
1
Let t = -2 - -82. Calculate the remainder when t is divided by 18.
8
Let f(q) = -15*q**2 + 2*q + 21*q - 5 + 21 - 3*q**3 + 2*q**3. Calculate the remainder when f(-17) is divided by 34.
33
Let j = 596 + 259. Calculate the remainder when j is divided by 33.
30
Let d(n) = 15*n**2 - n + 1. Let v be d(-2). Suppose 5*b - 74 = -u, 4*b - u - v = 2*u. What is the remainder when 57 is divided by b?
12
Suppose -6*a - 252 = -20*a. What is the remainder when 50 is divided by a?
14
Suppose -k + 5 - 1 = 0. Suppose 217 = 3*m + 52. Suppose -26 - m = -4*h - 5*w, -5*h + 3*w + 55 = 0. What is the remainder when h is divided by k?
2
Let t = 278 + -231. What is the remainder when t is divided by ((-50)/3)/((-1